{"id":3463,"date":"2024-09-10T08:54:03","date_gmt":"2024-09-10T06:54:03","guid":{"rendered":"https:\/\/www.compelec.fr\/?page_id=3463"},"modified":"2024-10-18T15:01:29","modified_gmt":"2024-10-18T13:01:29","slug":"outil-de-calcul-melcosim-mitsubishi","status":"publish","type":"page","link":"https:\/\/www.compelec.fr\/?page_id=3463","title":{"rendered":"Outil de Calcul Melcosim"},"content":{"rendered":"<div class=\"wp-block-image\">\n<figure class=\"alignleft size-medium\"><img loading=\"lazy\" decoding=\"async\" width=\"300\" height=\"155\" src=\"https:\/\/www.compelec.fr\/wp-content\/uploads\/2024\/09\/logo-mitsubishi-700x361-1-300x155.png\" alt=\"\" class=\"wp-image-3470\" srcset=\"https:\/\/www.compelec.fr\/wp-content\/uploads\/2024\/09\/logo-mitsubishi-700x361-1-300x155.png 300w, https:\/\/www.compelec.fr\/wp-content\/uploads\/2024\/09\/logo-mitsubishi-700x361-1.png 700w\" sizes=\"auto, (max-width: 300px) 100vw, 300px\" \/><\/figure>\n<\/div>\n\n\n<p>MELCOSIM est un programme de calcul de pertes, pour modules IGBT et IPM, du fabricant Mitsubishi Electric.<\/p>\n\n\n\n<p class=\"has-text-align-left\">Nous vous recommandons d\u2019utiliser ce programme de simulation d\u00e8s l\u2019\u00e9laboration de vos projets, \u00e0 savoir, &#8220;quels modules correspondent le mieux \u00e0 mes demandes ?&#8221;.<\/p>\n\n\n\n<p class=\"has-text-align-left\">Veuillez noter que Mitsubishi Electric modifie fr\u00e9quemment son outil MELCOSIM et des versions MAJ sortent ainsi r\u00e9guli\u00e8rement.<\/p>\n\n\n\n<p class=\"has-text-align-left\">Afin d\u2019assurer que la version utilis\u00e9e par les utilisateurs reste \u00e0 jour, toutes les versions t\u00e9l\u00e9chargeables expirent au bout d\u2019un certain d\u00e9lai.<\/p>\n\n\n\n<p><\/p>\n\n\n\n<h4 class=\"wp-block-heading has-text-align-center\"><a href=\"https:\/\/www.compelec.fr\/wp-content\/uploads\/2024\/10\/melcosim_ver_5_4_2_3_global.zip\">Download Melcosim &#8211; Mitsubishi<\/a><\/h4>\n\n\n\n<p><\/p>\n","protected":false},"excerpt":{"rendered":"<p>MELCOSIM est un programme de calcul de pertes, pour modules IGBT et IPM, du fabricant Mitsubishi Electric. Nous vous recommandons d\u2019utiliser ce programme de simulation d\u00e8s l\u2019\u00e9laboration de vos projets, \u00e0 savoir, &#8220;quels modules correspondent le mieux \u00e0 mes demandes ?&#8221;. Veuillez noter que Mitsubishi Electric modifie fr\u00e9quemment son outil MELCOSIM et des versions MAJ [&hellip;]<\/p>\n","protected":false},"author":1,"featured_media":0,"parent":0,"menu_order":0,"comment_status":"closed","ping_status":"closed","template":"","meta":{"footnotes":""},"class_list":["post-3463","page","type-page","status-publish","hentry"],"_links":{"self":[{"href":"https:\/\/www.compelec.fr\/index.php?rest_route=\/wp\/v2\/pages\/3463","targetHints":{"allow":["GET"]}}],"collection":[{"href":"https:\/\/www.compelec.fr\/index.php?rest_route=\/wp\/v2\/pages"}],"about":[{"href":"https:\/\/www.compelec.fr\/index.php?rest_route=\/wp\/v2\/types\/page"}],"author":[{"embeddable":true,"href":"https:\/\/www.compelec.fr\/index.php?rest_route=\/wp\/v2\/users\/1"}],"replies":[{"embeddable":true,"href":"https:\/\/www.compelec.fr\/index.php?rest_route=%2Fwp%2Fv2%2Fcomments&post=3463"}],"version-history":[{"count":15,"href":"https:\/\/www.compelec.fr\/index.php?rest_route=\/wp\/v2\/pages\/3463\/revisions"}],"predecessor-version":[{"id":5246,"href":"https:\/\/www.compelec.fr\/index.php?rest_route=\/wp\/v2\/pages\/3463\/revisions\/5246"}],"wp:attachment":[{"href":"https:\/\/www.compelec.fr\/index.php?rest_route=%2Fwp%2Fv2%2Fmedia&parent=3463"}],"curies":[{"name":"wp","href":"https:\/\/api.w.org\/{rel}","templated":true}]}}